{"id":1095,"date":"2024-04-11T21:57:50","date_gmt":"2024-04-11T19:57:50","guid":{"rendered":"https:\/\/natvingen.se\/wordpress\/?page_id=1095"},"modified":"2024-04-11T21:57:52","modified_gmt":"2024-04-11T19:57:52","slug":"1976-2","status":"publish","type":"page","link":"https:\/\/natvingen.se\/wordpress\/1976-2\/","title":{"rendered":"1976"},"content":{"rendered":"\n<p>Det h\u00e4r var inte bara \u00e5ret d\u00e5 Link\u00f6pings Hockeyklubb bildades, Bj\u00f6rn Borg vann sin f\u00f6rsta Wimbledon, Abba sl\u00e4ppte Dancing Queen och kungen och Silvia gifte sig.<\/p>\n\n\n\n<p>N\u00e4e, det var \u00e4ven \u00e5ret d\u00e5 v\u00e5rt fina omr\u00e5de N\u00e4tvingestigen var helt nybyggt och f\u00e4rdigt att flytta in p\u00e5.<\/p>\n\n\n\n<figure class=\"wp-block-image size-large\"><img loading=\"lazy\" decoding=\"async\" width=\"1024\" height=\"676\" src=\"https:\/\/natvingen.se\/wordpress\/wp-content\/uploads\/2024\/04\/Natvingen-50-ar-1976-1024x676.jpg\" alt=\"\" class=\"wp-image-1096\" srcset=\"https:\/\/natvingen.se\/wordpress\/wp-content\/uploads\/2024\/04\/Natvingen-50-ar-1976-1024x676.jpg 1024w, https:\/\/natvingen.se\/wordpress\/wp-content\/uploads\/2024\/04\/Natvingen-50-ar-1976-300x198.jpg 300w, https:\/\/natvingen.se\/wordpress\/wp-content\/uploads\/2024\/04\/Natvingen-50-ar-1976-768x507.jpg 768w, https:\/\/natvingen.se\/wordpress\/wp-content\/uploads\/2024\/04\/Natvingen-50-ar-1976-624x412.jpg 624w, https:\/\/natvingen.se\/wordpress\/wp-content\/uploads\/2024\/04\/Natvingen-50-ar-1976.jpg 1136w\" sizes=\"auto, (max-width: 1024px) 100vw, 1024px\" \/><\/figure>\n\n\n\n<p>Jag vet att jag \u00e4r v\u00e4l tidigt ute f\u00f6r att fira ett femtio\u00e5rsjubileum redan nu men jag vill \u00e4nd\u00e5 uppmana alla som bott h\u00e4r under n\u00e5gra \u00e5r att b\u00f6rja fundera och g\u00e4rna dela med sig av bilder, h\u00e4ndelser och personliga minnen fr\u00e5n 1976 och fram tills idag. Kanske har du bott h\u00e4r \u00e4nda sedan starten? Eller k\u00e4nner du n\u00e5gon som har gjort men flyttat? Hur s\u00e5g det ut h\u00e4r d\u00e5, fanns det n\u00e5gra traditioner som fallit i gl\u00f6mska? Hur var det att flytta in h\u00e4r p\u00e5 t. ex 90-talet osv.&nbsp; Har n\u00e5gon en bild p\u00e5 den gr\u00f6na groda som l\u00e4r ha funnits i lekparken som idag kallas&nbsp;<em>Grodan<\/em>? Stort som sm\u00e5tt. Allt r\u00e4knas och vore kul att g\u00f6ra n\u00e5got med f\u00f6r att l\u00e4ngre fram kunna dela med sig p\u00e5 v\u00e5r hemsida om \u00e5ren som g\u00e5tt.<\/p>\n\n\n\n<p>Nedr\u00e4kningen har bara b\u00f6rjat och du har gott om tid p\u00e5 dig att fundera och leta bland dina bilder och minnen. Jag finns inte p\u00e5 Facebook s\u00e5 kom f\u00f6rbi eller maila mig s\u00e5 f\u00e5r vi se vad vi tillsammans kan f\u00e5 ihop till v\u00e5rt kommande femtio\u00e5rsjubileum.<\/p>\n\n\n\n<p>H\u00e4lsningar Jens Ahlm\u00e9n<br>N\u00e4tvingestigen 66<br>Mobil 0734186965<\/p>\n\n\n\n<p><a href=\"mailto:jensahlmen@outlook.com\" target=\"_blank\" rel=\"noreferrer noopener\">jensahlmen@outlook.com<\/a><\/p>\n","protected":false},"excerpt":{"rendered":"<p>Det h\u00e4r var inte bara \u00e5ret d\u00e5 Link\u00f6pings Hockeyklubb bildades, Bj\u00f6rn Borg vann sin f\u00f6rsta Wimbledon, Abba sl\u00e4ppte Dancing Queen och kungen och Silvia gifte sig. N\u00e4e, det var \u00e4ven [&hellip;]<\/p>\n","protected":false},"author":31,"featured_media":0,"parent":0,"menu_order":0,"comment_status":"closed","ping_status":"closed","template":"","meta":{"_EventAllDay":false,"_EventTimezone":"","_EventStartDate":"","_EventEndDate":"","_EventStartDateUTC":"","_EventEndDateUTC":"","_EventShowMap":false,"_EventShowMapLink":false,"_EventURL":"","_EventCost":"","_EventCostDescription":"","_EventCurrencySymbol":"","_EventCurrencyCode":"","_EventCurrencyPosition":"","_EventDateTimeSeparator":"","_EventTimeRangeSeparator":"","_EventOrganizerID":[],"_EventVenueID":[],"_OrganizerEmail":"","_OrganizerPhone":"","_OrganizerWebsite":"","_VenueAddress":"","_VenueCity":"","_VenueCountry":"","_VenueProvince":"","_VenueState":"","_VenueZip":"","_VenuePhone":"","_VenueURL":"","_VenueStateProvince":"","_VenueLat":"","_VenueLng":"","_VenueShowMap":false,"_VenueShowMapLink":false,"footnotes":""},"class_list":["post-1095","page","type-page","status-publish","hentry"],"_links":{"self":[{"href":"https:\/\/natvingen.se\/wordpress\/wp-json\/wp\/v2\/pages\/1095","targetHints":{"allow":["GET"]}}],"collection":[{"href":"https:\/\/natvingen.se\/wordpress\/wp-json\/wp\/v2\/pages"}],"about":[{"href":"https:\/\/natvingen.se\/wordpress\/wp-json\/wp\/v2\/types\/page"}],"author":[{"embeddable":true,"href":"https:\/\/natvingen.se\/wordpress\/wp-json\/wp\/v2\/users\/31"}],"replies":[{"embeddable":true,"href":"https:\/\/natvingen.se\/wordpress\/wp-json\/wp\/v2\/comments?post=1095"}],"version-history":[{"count":1,"href":"https:\/\/natvingen.se\/wordpress\/wp-json\/wp\/v2\/pages\/1095\/revisions"}],"predecessor-version":[{"id":1097,"href":"https:\/\/natvingen.se\/wordpress\/wp-json\/wp\/v2\/pages\/1095\/revisions\/1097"}],"wp:attachment":[{"href":"https:\/\/natvingen.se\/wordpress\/wp-json\/wp\/v2\/media?parent=1095"}],"curies":[{"name":"wp","href":"https:\/\/api.w.org\/{rel}","templated":true}]}}